6*x + 2 = 7*x. Let w be ((2 + 0)/x)/(-1). Is 7 - (-3 - -2)/w a composite number?
True
Let k(z) = 140*z**3 - 2*z + 1. Is k(1) composite?
False
Let j be 4*(1/(-2))/(-1). Let n be ((-3)/j + -1)*-2. Suppose -141 = -n*h + 2*h. Is h composite?
False
Is 2/4*(-17 + 11) - -1154 a composite number?
False
Suppose 6 = t - 3. Let r = t - 6. Suppose -p - r*p + 460 = 0. Is p composite?
True
Let b = -71 + 214. Is b prime?
False
Let i = -229 + 668. Is i composite?
False
Suppose -2*u + 15 = -i, -2*u + 11 = 6*i - 3*i. Let g(v) = v. Is g(u) prime?
True
Let s = 732 - -419. Is s a prime number?
True
Suppose 8 = -5*x - 7. Let i be 0*(1 - (-2)/x). Suppose i = 3*g - 2*g + v - 28, -4*g + 136 = -4*v. Is g a prime number?
True
Let t(n) = -4*n + 3 + 5*n + n**2 - 8*n. Let s be t(7). Suppose 95 = s*j + 2*j. Is j prime?
True
Let n = 2113 - 1390. Let r be n/15 - 2/10. Suppose 0 = -5*d + 17 + r. Is d a prime number?
True
Suppose 3 + 0 = o. Let b = o - -1. Is b prime?
False
Let x(d) = -2*d**3 - 3*d**2 + 11*d + 3. Is x(-5) a prime number?
False
Let m = 3 - -1. Suppose 6 = -m*v - 2. Is v/7 - 1035/(-21) a composite number?
True
Is 10346/8 - (-5)/(-20) prime?
False
Suppose 0 = -0*l + 5*l - 15. Let y(c) = -c + 1. Let b be y(l). Is (0 - 11)/(b/10) composite?
True
Suppose -4*l - l = -290. Let c = l - 89. Let k = c - -54. Is k prime?
True
Let b be (48/(-9))/(4/(-6)). Is (-2)/b*14*-38 a composite number?
True
Let n be (-885)/12 + 3/(-12). Is (n/(-6))/(5/15) a prime number?
True
Let n(k) = -k + 54. Let x be n(0). Suppose 4*f + 2*m = 40, 3*f + m - 33 + 5 = 0. Is x/f - 2/(-8) a composite number?
False
Let o(r) = 3*r**3 + 4*r**2 - 13*r + 1. Is o(10) a prime number?
True
Let r(i) be the third derivative of i**8/3360 + i**7/1260 - i**6/720 + i**5/60 + 4*i**2. Let j(h) be the third derivative of r(h). Is j(-4) a composite number?
False
Suppose -16*j = -12*j - 2492. Is j composite?
True
Suppose 4*l - 5*l = 45. Let i = l + 76. Is i prime?
True
Let q(s) = 44*s**2 - 3*s - 2. Is q(-3) prime?
False
Suppose 5 = 5*c + 15. Let j = c - -4. Suppose -p + 159 = j*p. Is p prime?
True
Let i be (-3)/(-15) + 456/(-5). Let c be (38/(-5))/(1/5). Let r = c - i. Is r a prime number?
True
Let g = 33 + -6. Let y = 58 - g. Is y a composite number?
False
Let v(j) = 3*j + 359. Is v(0) a prime number?
True
Let u = 0 - -2. Let r be -2*(-53)/2 + u. Let g = r + -18. Is g a prime number?
True
Let g = 17 - 28. Let w = -8 - g. Is (-4)/(w - 1) - -25 a composite number?
False
Suppose -4*j - 3 - 1159 = -2*t, 0 = -t - 4*j + 587. Is t a prime number?
False
Let w = -500 - -723. Is w composite?
False
Let g be -1 - (2 + -2 + -3). Suppose -7 = -g*r + 31. Is r prime?
True
Let z = 97 + -48. Is z a composite number?
True
Let l = -312 - -997. Is l composite?
True
Let u(g) = g**2 + 2*g + 7. Let q be (5/4)/(1/8). Let t = q + -4. Is u(t) a prime number?
False
Suppose -4*r - r + 3*w = 4298, 16 = -4*w. Is (-10)/15 - r/6 a composite number?
True
Let z = 227 + -156. Is z composite?
False
Suppose -153 = -5*q + 772. Is q a composite number?
True
Let p(o) = -o**2 + 5*o + 113. Is p(0) a prime number?
True
Let d(i) = i**2 - 3*i + 2. Let b be d(3). Suppose -4*f + 321 = k, -b*f - f + 227 = -2*k. Is f composite?
False
Suppose 5*y + 3*k = 0, -2*y - 4*k = -y + 17. Suppose 2*q + 389 = 5*z, y*q - 14 = -2*z + 153. Is z a prime number?
True
Let i = 311 - 160. Let t = -24 + i. Is t composite?
False
Let p = 4571 + -3257. Suppose 4*x - p - 530 = 0. Suppose 4*c - x - 191 = 0. Is c prime?
True
Suppose 5*q - 10 = 3*g, -g + q = -q + 4. Suppose 5*n + a - 483 = g, -378 = -6*n + 2*n - 5*a. Is n prime?
True
Let f = 381 + -228. Let t = f + -76. Is t prime?
False
Let c(d) = d**2 - 8*d + 10. Suppose 0 = 2*s + s + 2*t + 4, -2*s - 2*t = 4. Suppose 4*x + s*w - 39 = -w, -2*w = -6. Is c(x) a composite number?
False
Suppose 12*c - 14*c = -142. Is c a composite number?
False
Suppose 2*j - 335 = 3*g, 2*j = 6*j - 4*g - 664. Is j prime?
True
Let y(z) = -7*z + 2. Suppose 3*p - 19 - 10 = 4*i, -i = -4*p + 17. Suppose -3*a = p*r + 21, 5*r - 4 + 24 = 0. Is y(a) prime?
True
Suppose -6 = -4*w - 2. Let m(q) = -q + 2 + 13*q**3 + 3 - 4. Is m(w) a composite number?
False
Suppose -5*l - 34 - 41 = -5*r, 5*r = -5*l + 45. Is (-3795)/(-18) - (-2)/r prime?
True
Let q be (-2)/(-1*(-2)/3). Let x(v) = 32*v**2 - 2*v - 4. Let c be x(q). Suppose -6*r + r = -c. Is r prime?
False
Let i(o) be the third derivative of -3*o**4/8 + o**3/6 + o**2. Let k(c) = -18*c + 3. Let p(h) = -9*i(h) + 4*k(h). Is p(10) composite?
True
Let z = 489 + -331. Is z prime?
False
Suppose 4*p - 28 = 2*p. Let n = -10 + p. Suppose n*v + 156 = 3*f - 391, 3*f + 2*v = 559. Is f composite?
True
Let q be ((-1)/3)/((-2)/6). Let h(m) = 11187*m - 565. Let f(s) = 119*s - 6. Let t(b) = 565*f(b) - 6*h(b). Is t(q) prime?
True
Let a be (-1 + 2)*-2 - -7. Suppose -95 - 15 = -a*z. Is z a composite number?
True
Suppose 11 = -3*s - 1. Is 158/2 - (s - -6) composite?
True
Suppose 11*f - 6*f = 1595. Is f a prime number?
False
Suppose -5*g + 5581 = 5*i + 751, 0 = 2*i + 5*g - 1935. Is i composite?
True
Let g(n) = 36*n + 5. Suppose 5*d = -4*f - 2, -d - 17 = -5*d + 3*f. Let j be (-16)/6*(-3)/d. Is g(j) a composite number?
False
Let x = 572 - -690. Is x composite?
True
Suppose -2*a - 452 = -3*a. Suppose 0 = -5*m + m + a. Is m composite?
False
Let q(y) = y**3 + 6*y**2 + y + 4. Let h be q(-6). Let w = 3 + h. Is -3 - w*(2 + -12) prime?
True
Let s be (-10)/(-4) + 4/8. Suppose 4*k - 3*k = 5*j + 128, 552 = 5*k - s*j. Is 0/3 + 3 + k a prime number?
False
Let n(a) = a**2 + 2*a + 3. Let v be (-21)/(-12) + 3/12. Suppose 4 = v*b - 4*b. Is n(b) prime?
True
Is (394*3)/3 + -3 prime?
False
Let w = -282 - -664. Is w a prime number?
False
Let k = -125 + 240. Is k prime?
False
Let k be (6/(-3))/((-8)/12). Suppose 138 + 219 = k*r. Is r a composite number?
True
Is (1 - 1) + 533 + 4 a composite number?
True
Suppose 4*k = 3*x - 2 + 1, 0 = -5*k + 25. Is x prime?
True
Let k = 511 - 353. Let c = k + -81. Is c a prime number?
False
Suppose -2*r + 2 = -22. Let t = 11 + r. Suppose -i = -54 - t. Is i a prime number?
False
Is (-13 - -18) + -1 + 9531 composite?
True
Let h(v) = v**3 - 3*v**2 - v + 1. Let w be h(3). Is ((-1)/w)/((-6)/(-1524)) a composite number?
False
Let u = 209 - 479. Let p(l) = 46*l**2 - l + 4. Let f be p(3). Let b = u + f. Is b composite?
True
Suppose 2*y + 3*y = 0. Suppose 2*v = 2*c - v - 224, y = -2*c + 4*v + 222. Is c a composite number?
True
Let y = -2 - 2. Is ((-6)/(-2))/((-2)/y) a composite number?
True
Let r(m) = -7*m**2 - m + 1499. Is r(0) a composite number?
False
Let x(p) = -25*p + 6. Let h(v) = -24*v + 5. Let y(d) = 3*h(d) - 2*x(d). Is y(-7) a composite number?
False
Let b = 136 - -193. Is b a composite number?
True
Let j(q) = 4*q + 1. Suppose 7 = l + 3. Let d = l + -1. Is j(d) prime?
True
Suppose -4*p - 6 = 2, 3*u = -p + 274. Let c = 24 - 20. Suppose m + c*g - 27 = -g, -4*m = 4*g - u. Is m prime?
False
Let q be (-6)/(-4) - (-33)/(-2). Let b = q - -34. Is b composite?
False
Is -1 - ((-8)/(-12))/(2/(-1962)) prime?
True
Let p(r) = -29*r + 7. Is p(-14) a prime number?
False
Let z = -2 + 22. Suppose h - s - 59 - 4 = 0, -z = -5*s. Is h composite?
False
Let j(v) = -4*v**3 + 7*v**3 + 11 - 8*v**2 - 2*v**3 + 7*v. Is j(8) prime?
True
Suppose -3*t - 5*a = t - 9352, -5*t = 4*a - 11681. Is t a prime number?
True
Let w be (-4)/(-5)*45/6. Let d = w + -6. Suppose -3*t + 141 = -d*t. Is t a composite number?
False
Suppose 4*n + 2*c = -c + 208, -2*n - 3*c = -110. Is n a prime number?
False
Suppose a - 4*a = 18. Let v = a - -4. Is (-558)/(-42) + v/7 composite?
False
Suppose s = 3*s - 884. Suppose 2 = -2*z, -q - 5*z = 2*q - s. Is q a composite number?
False
Is 62*(-1 + (-28)/(-8)) a prime number?
False
Suppose 5*k - 1300 = -2*f, -7*k = -4*f - 4*k + 2626. Is f prime?
False
Let u be 2/(-8) + 503/(-4). Let q = -107 + 28. Let c = q - u. Is c prime?
True
Let k = 324 - -143. Is k prime?
True
Let s be 4*(1/(-2) + 3). Let j(b) = -3*b**2 + 6*b + 5. Let c(o) = 13*o**2 - 24*o - 21. Let x(r) = -2*c(r) - 9*j(r). Is x(s) a prime number?
True
Suppose 4*j + 2*d - 22 = -0*d, -j - 4*d + 23 = 0. Suppose 5*n - k = -3*k + 6, 0 = -j*n + k - 3. Suppose n = -4*g + g + 57. Is g composite?
False
Is (26193/6)/((-1)/(-2) - 0) a prime number?
True
Suppose 3*b - 5*b = 5*f - 481, 3*f = 5*b + 270. Suppose -2*p